{"id":280,"date":"2024-07-10T17:44:37","date_gmt":"2024-07-10T15:44:37","guid":{"rendered":"http:\/\/lesamisante.fr\/?page_id=280"},"modified":"2026-04-04T00:34:14","modified_gmt":"2026-04-03T22:34:14","slug":"a-propos","status":"publish","type":"page","link":"https:\/\/lesamisante.fr\/?page_id=280","title":{"rendered":"A propos"},"content":{"rendered":"\n<div class=\"wp-block-columns is-layout-flex wp-container-core-columns-is-layout-9d6595d7 wp-block-columns-is-layout-flex\">\n<div class=\"wp-block-column is-layout-flow wp-block-column-is-layout-flow\"><div class=\"wp-block-image\">\n<figure class=\"aligncenter size-full is-resized\"><img loading=\"lazy\" decoding=\"async\" width=\"798\" height=\"820\" src=\"https:\/\/lesamisante.fr\/wp-content\/uploads\/2026\/04\/Capture-decran-2026-04-04-a-00.33.02.png\" alt=\"\" class=\"wp-image-506\" style=\"aspect-ratio:0.973183520599251;width:287px;height:auto\" srcset=\"https:\/\/lesamisante.fr\/wp-content\/uploads\/2026\/04\/Capture-decran-2026-04-04-a-00.33.02.png 798w, https:\/\/lesamisante.fr\/wp-content\/uploads\/2026\/04\/Capture-decran-2026-04-04-a-00.33.02-292x300.png 292w, https:\/\/lesamisante.fr\/wp-content\/uploads\/2026\/04\/Capture-decran-2026-04-04-a-00.33.02-768x789.png 768w, https:\/\/lesamisante.fr\/wp-content\/uploads\/2026\/04\/Capture-decran-2026-04-04-a-00.33.02-300x308.png 300w, https:\/\/lesamisante.fr\/wp-content\/uploads\/2026\/04\/Capture-decran-2026-04-04-a-00.33.02-600x617.png 600w\" sizes=\"auto, (max-width: 798px) 100vw, 798px\" \/><\/figure>\n<\/div><\/div>\n\n\n\n<div class=\"wp-block-column is-layout-flow wp-block-column-is-layout-flow\"><div class=\"wp-block-image\">\n<figure class=\"aligncenter size-full is-resized\"><img loading=\"lazy\" decoding=\"async\" width=\"1000\" height=\"1000\" src=\"https:\/\/lesamisante.fr\/wp-content\/uploads\/2026\/04\/avatar_mymy_rond.png\" alt=\"\" class=\"wp-image-501\" style=\"width:282px;height:auto\" srcset=\"https:\/\/lesamisante.fr\/wp-content\/uploads\/2026\/04\/avatar_mymy_rond.png 1000w, https:\/\/lesamisante.fr\/wp-content\/uploads\/2026\/04\/avatar_mymy_rond-300x300.png 300w, https:\/\/lesamisante.fr\/wp-content\/uploads\/2026\/04\/avatar_mymy_rond-150x150.png 150w, https:\/\/lesamisante.fr\/wp-content\/uploads\/2026\/04\/avatar_mymy_rond-768x768.png 768w, https:\/\/lesamisante.fr\/wp-content\/uploads\/2026\/04\/avatar_mymy_rond-600x600.png 600w, https:\/\/lesamisante.fr\/wp-content\/uploads\/2026\/04\/avatar_mymy_rond-100x100.png 100w\" sizes=\"auto, (max-width: 1000px) 100vw, 1000px\" \/><\/figure>\n<\/div><\/div>\n<\/div>\n\n\n\n<div class=\"wp-block-columns is-layout-flex wp-container-core-columns-is-layout-9d6595d7 wp-block-columns-is-layout-flex\">\n<div class=\"wp-block-column is-layout-flow wp-block-column-is-layout-flow\">\n<details class=\"wp-block-details is-layout-flow wp-block-details-is-layout-flow\"><summary>Je suis Thomas RALL, auteur de la bande dessin\u00e9e&nbsp;<em>Les Amisant\u00e9 \u2013 \u00c0 la d\u00e9couverte du handicap<\/em>.<br>J\u2019ai r\u00e9alis\u00e9 mes \u00e9tudes dans les domaines du handicap, de la sant\u00e9 publique et des politiques de jeunesse. Ce parcours m\u2019a naturellement conduit \u00e0 faire converger ces diff\u00e9rents champs \u00e0 travers un projet commun.<br>Cette bande dessin\u00e9e est l\u2019aboutissement de cette volont\u00e9 : cr\u00e9er un outil \u00e0 la fois ludique et p\u00e9dagogique, destin\u00e9 \u00e0 sensibiliser les enfants comme les parents au handicap.<br>\u00c0 travers ce livre, mon objectif est de contribuer \u00e0 une meilleure compr\u00e9hension du handicap, \u00e0 une meilleure compr\u00e9hension de l\u2019autre, et plus largement \u00e0 favoriser le vivre-ensemble.<\/summary>\n<p><\/p>\n<\/details>\n<\/div>\n\n\n\n<div class=\"wp-block-column is-layout-flow wp-block-column-is-layout-flow\">\n<details class=\"wp-block-details is-layout-flow wp-block-details-is-layout-flow\"><summary>Moi, c&rsquo;est Myriam, et je dessine depuis que je sais tenir un crayon. J&rsquo;aime la bande dessin\u00e9e, les mangas les jeux vid\u00e9os,<br>les films d&rsquo;animations, et j&rsquo;ai un go\u00fbt prononc\u00e9 pour l&rsquo;absurde.<br>Apr\u00e8s des \u00e9tudes en Communication Visuelle je suis devenue graphiste, et j&rsquo;ai pass\u00e9 des ann\u00e9es en salariat, mais la passion<br>du dessin ne m&rsquo;a jamais l\u00e2ch\u00e9e, et j&rsquo;ai toujours pr\u00e9f\u00e9r\u00e9 les projets qui se pla\u00e7aient dans les univers jeunesse.<br>Devenue graphiste illustratrice ind\u00e9pendante en 2020, je suis un jour interpell\u00e9e par un certain Thomas Rall, qui voit dans mon travail le moyen &#8211; peut-\u00eatre &#8211; de d\u00e9velopper un projet \u00e0 lui : Les Amisant\u00e9.<br>Vous devinez la suite ^^.<br>La petite phrase qui me suit : \u00a0\u00bb la vie est une bande dessin\u00e9e<\/summary>\n<p><\/p>\n<\/details>\n<\/div>\n<\/div>\n\n\n\n<p><\/p>\n","protected":false},"excerpt":{"rendered":"","protected":false},"author":2,"featured_media":0,"parent":0,"menu_order":0,"comment_status":"closed","ping_status":"closed","template":"","meta":{"footnotes":""},"class_list":["post-280","page","type-page","status-publish","hentry","entry","owp-thumbs-layout-horizontal","owp-btn-normal","owp-tabs-layout-horizontal","has-no-thumbnails","has-product-nav"],"_links":{"self":[{"href":"https:\/\/lesamisante.fr\/index.php?rest_route=\/wp\/v2\/pages\/280","targetHints":{"allow":["GET"]}}],"collection":[{"href":"https:\/\/lesamisante.fr\/index.php?rest_route=\/wp\/v2\/pages"}],"about":[{"href":"https:\/\/lesamisante.fr\/index.php?rest_route=\/wp\/v2\/types\/page"}],"author":[{"embeddable":true,"href":"https:\/\/lesamisante.fr\/index.php?rest_route=\/wp\/v2\/users\/2"}],"replies":[{"embeddable":true,"href":"https:\/\/lesamisante.fr\/index.php?rest_route=%2Fwp%2Fv2%2Fcomments&post=280"}],"version-history":[{"count":5,"href":"https:\/\/lesamisante.fr\/index.php?rest_route=\/wp\/v2\/pages\/280\/revisions"}],"predecessor-version":[{"id":508,"href":"https:\/\/lesamisante.fr\/index.php?rest_route=\/wp\/v2\/pages\/280\/revisions\/508"}],"wp:attachment":[{"href":"https:\/\/lesamisante.fr\/index.php?rest_route=%2Fwp%2Fv2%2Fmedia&parent=280"}],"curies":[{"name":"wp","href":"https:\/\/api.w.org\/{rel}","templated":true}]}}